[INFO] cloning repository https://github.com/loovjo/drawmetry
[INFO] running `Command { std: "git" "-c" "credential.helper=" "-c" "credential.helper=/workspace/cargo-home/bin/git-credential-null" "clone" "--bare" "https://github.com/loovjo/drawmetry" "/workspace/cache/git-repos/https%3A%2F%2Fgithub.com%2Floovjo%2Fdrawmetry", kill_on_drop: false }`
[INFO] [stderr] Cloning into bare repository '/workspace/cache/git-repos/https%3A%2F%2Fgithub.com%2Floovjo%2Fdrawmetry'...
[INFO] running `Command { std: "git" "rev-parse" "HEAD", kill_on_drop: false }`
[INFO] [stdout] 8dcd033c7524c5e0f3f79e05e8afe98ed81e0afc
[INFO] checking loovjo/drawmetry against try#72f88fc4e9458f89516a0b8b0868f3718aec5b47 for pr-74989
[INFO] running `Command { std: "git" "clone" "/workspace/cache/git-repos/https%3A%2F%2Fgithub.com%2Floovjo%2Fdrawmetry" "/workspace/builds/worker-3/source", kill_on_drop: false }`
[INFO] [stderr] Cloning into '/workspace/builds/worker-3/source'...
[INFO] [stderr] done.
[INFO] validating manifest of git repo https://github.com/loovjo/drawmetry on toolchain 72f88fc4e9458f89516a0b8b0868f3718aec5b47
[INFO] running `Command { std: "/workspace/cargo-home/bin/cargo" "+72f88fc4e9458f89516a0b8b0868f3718aec5b47" "read-manifest" "--manifest-path" "Cargo.toml", kill_on_drop: false }`
[INFO] started tweaking git repo https://github.com/loovjo/drawmetry
[INFO] finished tweaking git repo https://github.com/loovjo/drawmetry
[INFO] tweaked toml for git repo https://github.com/loovjo/drawmetry written to /workspace/builds/worker-3/source/Cargo.toml
[INFO] crate git repo https://github.com/loovjo/drawmetry already has a lockfile, it will not be regenerated
[INFO] running `Command { std: "/workspace/cargo-home/bin/cargo" "+72f88fc4e9458f89516a0b8b0868f3718aec5b47" "fetch" "--locked" "--manifest-path" "Cargo.toml", kill_on_drop: false }`
[INFO] [stderr]  Downloading crates ...
[INFO] [stderr]   Downloaded ytesrev v0.2.2
[INFO] running `Command { std: "docker" "create" "-v" "/var/lib/crater-agent-workspace/builds/worker-3/target:/opt/rustwide/target:rw,Z" "-v" "/var/lib/crater-agent-workspace/builds/worker-3/source:/opt/rustwide/workdir:ro,Z" "-v" "/var/lib/crater-agent-workspace/cargo-home:/opt/rustwide/cargo-home:ro,Z" "-v" "/var/lib/crater-agent-workspace/rustup-home:/opt/rustwide/rustup-home:ro,Z" "-e" "SOURCE_DIR=/opt/rustwide/workdir" "-e" "CARGO_TARGET_DIR=/opt/rustwide/target" "-e" "CARGO_HOME=/opt/rustwide/cargo-home" "-e" "RUSTUP_HOME=/opt/rustwide/rustup-home" "-w" "/opt/rustwide/workdir" "-m" "1610612736" "--user" "0:0" "--network" "none" "rustops/crates-build-env@sha256:d92eaeed33fa75130ca1ee6c8a01d1ffb62bac859dfdfb3450e3e5d1c0146529" "/opt/rustwide/cargo-home/bin/cargo" "+72f88fc4e9458f89516a0b8b0868f3718aec5b47" "metadata" "--no-deps" "--format-version=1", kill_on_drop: false }`
[INFO] [stdout] 765295435db3cfef4b068fff7ade2b93a27a3ef52597969d96bf3ccd8f1df7e6
[INFO] [stderr] WARNING: Your kernel does not support swap limit capabilities or the cgroup is not mounted. Memory limited without swap.
[INFO] running `Command { std: "docker" "start" "-a" "765295435db3cfef4b068fff7ade2b93a27a3ef52597969d96bf3ccd8f1df7e6", kill_on_drop: false }`
[INFO] running `Command { std: "docker" "inspect" "765295435db3cfef4b068fff7ade2b93a27a3ef52597969d96bf3ccd8f1df7e6", kill_on_drop: false }`
[INFO] running `Command { std: "docker" "rm" "-f" "765295435db3cfef4b068fff7ade2b93a27a3ef52597969d96bf3ccd8f1df7e6", kill_on_drop: false }`
[INFO] [stdout] 765295435db3cfef4b068fff7ade2b93a27a3ef52597969d96bf3ccd8f1df7e6
[INFO] running `Command { std: "docker" "create" "-v" "/var/lib/crater-agent-workspace/builds/worker-3/target:/opt/rustwide/target:rw,Z" "-v" "/var/lib/crater-agent-workspace/builds/worker-3/source:/opt/rustwide/workdir:ro,Z" "-v" "/var/lib/crater-agent-workspace/cargo-home:/opt/rustwide/cargo-home:ro,Z" "-v" "/var/lib/crater-agent-workspace/rustup-home:/opt/rustwide/rustup-home:ro,Z" "-e" "SOURCE_DIR=/opt/rustwide/workdir" "-e" "CARGO_TARGET_DIR=/opt/rustwide/target" "-e" "CARGO_INCREMENTAL=0" "-e" "RUST_BACKTRACE=full" "-e" "RUSTFLAGS=--cap-lints=forbid" "-e" "CARGO_HOME=/opt/rustwide/cargo-home" "-e" "RUSTUP_HOME=/opt/rustwide/rustup-home" "-w" "/opt/rustwide/workdir" "-m" "1610612736" "--user" "0:0" "--network" "none" "rustops/crates-build-env@sha256:d92eaeed33fa75130ca1ee6c8a01d1ffb62bac859dfdfb3450e3e5d1c0146529" "/opt/rustwide/cargo-home/bin/cargo" "+72f88fc4e9458f89516a0b8b0868f3718aec5b47" "check" "--frozen" "--all" "--all-targets" "--message-format=json", kill_on_drop: false }`
[INFO] [stdout] c5f7ef4423360ea6a7b48bfdd5f07a199f871ddaf02e103f7ac36e66b8c5da93
[INFO] [stderr] WARNING: Your kernel does not support swap limit capabilities or the cgroup is not mounted. Memory limited without swap.
[INFO] running `Command { std: "docker" "start" "-a" "c5f7ef4423360ea6a7b48bfdd5f07a199f871ddaf02e103f7ac36e66b8c5da93", kill_on_drop: false }`
[INFO] [stderr]    Compiling num-integer v0.1.39
[INFO] [stderr]    Compiling num-iter v0.1.37
[INFO] [stderr]    Compiling rayon-core v1.4.1
[INFO] [stderr]    Compiling rayon v1.0.2
[INFO] [stderr]     Checking lazy_static v0.2.11
[INFO] [stderr]     Checking either v1.5.0
[INFO] [stderr]     Checking crossbeam-utils v0.2.2
[INFO] [stderr]     Checking log v0.4.4
[INFO] [stderr]     Checking inflate v0.4.3
[INFO] [stderr]     Checking deflate v0.7.18
[INFO] [stderr]     Checking ordered-float v1.0.1
[INFO] [stderr]     Checking regex v1.0.2
[INFO] [stderr]     Checking crossbeam-epoch v0.3.1
[INFO] [stderr]     Checking crossbeam-deque v0.2.0
[INFO] [stderr]     Checking num v0.1.42
[INFO] [stderr]     Checking png v0.12.0
[INFO] [stderr]     Checking sdl2 v0.31.0
[INFO] [stderr]     Checking env_logger v0.5.12
[INFO] [stderr]     Checking quickcheck v0.6.2
[INFO] [stderr]     Checking ytesrev v0.2.2
[INFO] [stderr]     Checking drawmetry v0.1.0 (/opt/rustwide/workdir)
[INFO] [stdout] warning: trait objects without an explicit `dyn` are deprecated
[INFO] [stdout]    --> src/drawing_board/mod.rs:144:31
[INFO] [stdout]     |
[INFO] [stdout] 144 |     fn content(&self) -> Vec<&Drawable> {
[INFO] [stdout]     |                               ^^^^^^^^ help: use `dyn`: `dyn Drawable`
[INFO] [stdout]     |
[INFO] [stdout]     = note: `#[warn(bare_trait_objects)]` on by default
[INFO] [stdout] 
[INFO] [stdout] 
[INFO] [stdout] warning: trait objects without an explicit `dyn` are deprecated
[INFO] [stdout]    --> src/drawing_board/mod.rs:148:43
[INFO] [stdout]     |
[INFO] [stdout] 148 |     fn content_mut(&mut self) -> Vec<&mut Drawable> {
[INFO] [stdout]     |                                           ^^^^^^^^ help: use `dyn`: `dyn Drawable`
[INFO] [stdout] 
[INFO] [stdout] 
[INFO] [stdout] warning: trait objects without an explicit `dyn` are deprecated
[INFO] [stdout]   --> src/toolbar/mod.rs:19:23
[INFO] [stdout]    |
[INFO] [stdout] 19 |     pub function: Box<Fn(&mut DState)>,
[INFO] [stdout]    |                       ^^^^^^^^^^^^^^^ help: use `dyn`: `dyn Fn(&mut DState)`
[INFO] [stdout] 
[INFO] [stdout] 
[INFO] [stdout] warning: trait objects without an explicit `dyn` are deprecated
[INFO] [stdout]   --> src/toolbar/mod.rs:27:27
[INFO] [stdout]    |
[INFO] [stdout] 27 | pub struct MakeButton(Box<Fn() -> Button>);
[INFO] [stdout]    |                           ^^^^^^^^^^^^^^ help: use `dyn`: `dyn Fn() -> Button`
[INFO] [stdout] 
[INFO] [stdout] 
[INFO] [stdout] warning: trait objects without an explicit `dyn` are deprecated
[INFO] [stdout]    --> src/toolbar/mod.rs:134:31
[INFO] [stdout]     |
[INFO] [stdout] 134 |     fn content(&self) -> Vec<&Drawable> {
[INFO] [stdout]     |                               ^^^^^^^^ help: use `dyn`: `dyn Drawable`
[INFO] [stdout] 
[INFO] [stdout] 
[INFO] [stdout] warning: trait objects without an explicit `dyn` are deprecated
[INFO] [stdout]    --> src/toolbar/mod.rs:138:43
[INFO] [stdout]     |
[INFO] [stdout] 138 |     fn content_mut(&mut self) -> Vec<&mut Drawable> {
[INFO] [stdout]     |                                           ^^^^^^^^ help: use `dyn`: `dyn Drawable`
[INFO] [stdout] 
[INFO] [stdout] 
[INFO] [stdout] warning: `#[test]` attribute should not be used on macros. Use `#[cfg(test)]` instead.
[INFO] [stdout]    --> src/backend/geometry.rs:491:1
[INFO] [stdout]     |
[INFO] [stdout] 491 | / quickcheck! {
[INFO] [stdout] 492 | |     fn check_intersect_two_circles(
[INFO] [stdout] 493 | |         x1: f64,
[INFO] [stdout] 494 | |         y1: f64,
[INFO] [stdout] ...   |
[INFO] [stdout] 585 | |     }
[INFO] [stdout] 586 | | }
[INFO] [stdout]     | |_^
[INFO] [stdout] 
[INFO] [stdout] 
[INFO] [stdout] warning: trait objects without an explicit `dyn` are deprecated
[INFO] [stdout]    --> src/drawing_board/mod.rs:144:31
[INFO] [stdout]     |
[INFO] [stdout] 144 |     fn content(&self) -> Vec<&Drawable> {
[INFO] [stdout]     |                               ^^^^^^^^ help: use `dyn`: `dyn Drawable`
[INFO] [stdout]     |
[INFO] [stdout]     = note: `#[warn(bare_trait_objects)]` on by default
[INFO] [stdout] 
[INFO] [stdout] 
[INFO] [stdout] warning: trait objects without an explicit `dyn` are deprecated
[INFO] [stdout]    --> src/drawing_board/mod.rs:148:43
[INFO] [stdout]     |
[INFO] [stdout] 148 |     fn content_mut(&mut self) -> Vec<&mut Drawable> {
[INFO] [stdout]     |                                           ^^^^^^^^ help: use `dyn`: `dyn Drawable`
[INFO] [stdout] 
[INFO] [stdout] 
[INFO] [stdout] warning: trait objects without an explicit `dyn` are deprecated
[INFO] [stdout]   --> src/toolbar/mod.rs:19:23
[INFO] [stdout]    |
[INFO] [stdout] 19 |     pub function: Box<Fn(&mut DState)>,
[INFO] [stdout]    |                       ^^^^^^^^^^^^^^^ help: use `dyn`: `dyn Fn(&mut DState)`
[INFO] [stdout] 
[INFO] [stdout] 
[INFO] [stdout] warning: trait objects without an explicit `dyn` are deprecated
[INFO] [stdout]   --> src/toolbar/mod.rs:27:27
[INFO] [stdout]    |
[INFO] [stdout] 27 | pub struct MakeButton(Box<Fn() -> Button>);
[INFO] [stdout]    |                           ^^^^^^^^^^^^^^ help: use `dyn`: `dyn Fn() -> Button`
[INFO] [stdout] 
[INFO] [stdout] 
[INFO] [stdout] warning: trait objects without an explicit `dyn` are deprecated
[INFO] [stdout]    --> src/toolbar/mod.rs:134:31
[INFO] [stdout]     |
[INFO] [stdout] 134 |     fn content(&self) -> Vec<&Drawable> {
[INFO] [stdout]     |                               ^^^^^^^^ help: use `dyn`: `dyn Drawable`
[INFO] [stdout] 
[INFO] [stdout] 
[INFO] [stdout] warning: trait objects without an explicit `dyn` are deprecated
[INFO] [stdout]    --> src/toolbar/mod.rs:138:43
[INFO] [stdout]     |
[INFO] [stdout] 138 |     fn content_mut(&mut self) -> Vec<&mut Drawable> {
[INFO] [stdout]     |                                           ^^^^^^^^ help: use `dyn`: `dyn Drawable`
[INFO] [stdout] 
[INFO] [stdout] 
[INFO] [stdout] error[E0308]: mismatched types
[INFO] [stdout]    --> src/backend/geometry.rs:466:45
[INFO] [stdout]     |
[INFO] [stdout] 466 |         intersect_two_circles((3., 5.), 2., -1., (5., 2.))
[INFO] [stdout]     |                                             ^^^ expected tuple, found floating-point number
[INFO] [stdout]     |
[INFO] [stdout]     = note: expected tuple `(f64, f64)`
[INFO] [stdout]                 found type `{float}`
[INFO] [stdout] 
[INFO] [stdout] 
[INFO] [stdout] error[E0308]: mismatched types
[INFO] [stdout]    --> src/backend/geometry.rs:466:50
[INFO] [stdout]     |
[INFO] [stdout] 466 |         intersect_two_circles((3., 5.), 2., -1., (5., 2.))
[INFO] [stdout]     |                                                  ^^^^^^^^ expected `f64`, found tuple
[INFO] [stdout]     |
[INFO] [stdout]     = note: expected type `f64`
[INFO] [stdout]               found tuple `({float}, {float})`
[INFO] [stdout] 
[INFO] [stdout] 
[INFO] [stdout] error[E0061]: this function takes 4 arguments but 6 arguments were supplied
[INFO] [stdout]    --> src/backend/geometry.rs:471:9
[INFO] [stdout]     |
[INFO] [stdout] 344 | / fn intersect_two_circles(
[INFO] [stdout] 345 | |     (x1, y1): (f64, f64),
[INFO] [stdout] 346 | |     r1: f64,
[INFO] [stdout] 347 | |     (x2, y2): (f64, f64),
[INFO] [stdout] 348 | |     r2: f64,
[INFO] [stdout] 349 | | ) -> IntersectionResult {
[INFO] [stdout]     | |_______________________- defined here
[INFO] [stdout] ...
[INFO] [stdout] 471 |           intersect_two_circles(0., 0., 0., 1., 1., 0.),
[INFO] [stdout]     |           ^^^^^^^^^^^^^^^^^^^^^ --  --  --  --  --  -- supplied 6 arguments
[INFO] [stdout]     |           |
[INFO] [stdout]     |           expected 4 arguments
[INFO] [stdout] 
[INFO] [stdout] 
[INFO] [stdout] warning: 6 warnings emitted
[INFO] [stdout] 
[INFO] [stdout] 
[INFO] [stdout] error: aborting due to 3 previous errors; 7 warnings emitted
[INFO] [stdout] 
[INFO] [stdout] 
[INFO] [stdout] Some errors have detailed explanations: E0061, E0308.
[INFO] [stdout] 
[INFO] [stdout] For more information about an error, try `rustc --explain E0061`.
[INFO] [stdout] 
[INFO] [stderr] error: could not compile `drawmetry`.
[INFO] [stderr] 
[INFO] [stderr] To learn more, run the command again with --verbose.
[INFO] running `Command { std: "docker" "inspect" "c5f7ef4423360ea6a7b48bfdd5f07a199f871ddaf02e103f7ac36e66b8c5da93", kill_on_drop: false }`
[INFO] running `Command { std: "docker" "rm" "-f" "c5f7ef4423360ea6a7b48bfdd5f07a199f871ddaf02e103f7ac36e66b8c5da93", kill_on_drop: false }`
[INFO] [stdout] c5f7ef4423360ea6a7b48bfdd5f07a199f871ddaf02e103f7ac36e66b8c5da93
